 - 70004. Calculate k(-10).
6
Let w(y) = -4891*y + 1031987. What is w(211)?
-14
Let s(o) = 3660*o + 486797. Determine s(-133).
17
Let r(z) = -1512*z**2 - 10574*z + 57. What is r(-7)?
-13
Let h(k) = -406640*k - 2439858. What is h(-6)?
-18
Let l(g) = 7191*g - 934760. Calculate l(130).
70
Let m(s) = 2379*s**2 - 16643*s + 4. Calculate m(7).
74
Let d(p) = 5412*p + 10848. Calculate d(-2).
24
Let x(q) = 5*q**3 - 508*q**2 - 1713*q - 7555. Calculate x(105).
5
Let r(a) = -6157*a - 33119. What is r(-5)?
-2334
Let m(k) = -4*k**2 - 50*k + 147772. What is m(186)?
88
Let u(n) = -n**3 - 7*n**2 + 252*n - 150. What is u(-20)?
10
Let j(p) = -2*p**2 - 391282*p + 1565144. What is j(4)?
-16
Let d(w) = -182*w**2 - 371*w - 15. What is d(-2)?
-1
Let f(y) = 41*y**2 - 21*y - 22. Give f(2).
100
Let m(o) = 8*o**2 - 376*o - 10024. Give m(-19).
8
Let a(q) = -33*q**2 + 591*q - 2342. Give a(12).
-2
Let z(t) = t**3 + 23*t**2 + 2695*t + 41315. Give z(-16).
-13
Let b(s) = s**2 - 34140*s - 1230331. Calculate b(-36).
5
Let a(y) = y**3 + 2*y**2 + 9*y + 236. Determine a(-6).
38
Let b(n) = 18*n**3 + n**2 + 502184*n + 502184. Calculate b(-1).
-17
Let z(f) = -4*f**2 - 841*f - 9499. What is z(-12)?
17
Let i(z) = 62*z**3 + 1116*z**2 + 2281*z + 41054. Determine i(-18).
-4
Let k(d) = -29*d**2 + 7667*d + 28136. Calculate k(268).
-4
Let v(c) = 1434*c - 26315. What is v(18)?
-503
Let m(y) = -397932*y - 5571044. What is m(-14)?
4
Let a(g) = -3*g**2 + 4111*g - 24552. What is a(6)?
6
Let f(w) = 3110*w - 77686. Calculate f(25).
64
Let l(j) = -13*j**3 + 7*j**2 - 40*j - 8. What is l(0)?
-8
Let a(m) = -6104*m - 177012. Give a(-29).
4
Let q(x) = x**2 - 1047153*x + 11518553. Give q(11).
-9
Let y(v) = 480*v - 19327. What is y(40)?
-127
Let d(i) = -7584*i + 167053. Give d(22).
205
Let r(h) = 72224*h - 433341. Determine r(6).
3
Let n(f) = 53*f**2 + 100*f + 162. What is n(-2)?
174
Let x(a) = -a**3 + 16*a**2 - 524*a + 501. Give x(1).
-8
Let u(k) = -2*k**2 - 87347*k + 262059. What is u(3)?
0
Let q(s) = s**2 - 904*s - 6038. What is q(-7)?
339
Let c(a) = -2022*a - 2132. Determine c(-1).
-110
Let b(m) = 10*m**2 - 102*m - 339. Calculate b(10).
-359
Let f(l) = 8719*l - 34628. Determine f(4).
248
Let z(t) = t**3 + 52*t**2 - 129*t + 2037. What is z(-55)?
57
Let g(j) = 58*j + 7534. Calculate g(-127).
168
Let m(b) = 53*b**2 - 787*b - 126. What is m(13)?
-1400
Let i(u) = u**3 - 144*u**2 - 25*u + 3583. Give i(144).
-17
Let b(z) = z**2 + 18422*z + 1722815. Give b(-94).
-17
Let m(s) = -3*s**2 + 2418*s - 4815. Give m(804).
9
Let d(n) = 1311*n + 18103. What is d(-15)?
-1562
Let m(q) = -q**3 - 21*q**2 + 109*q + 1918. What is m(-24)?
1030
Let m(z) = 7*z**2 - 5729*z - 40174. What is m(-7)?
272
Let y(i) = 36*i**2 + 766*i + 60. Determine y(-21).
-150
Let i(n) = n**3 + 14*n**2 - 432*n + 106. What is i(-29)?
19
Let y(q) = -641*q - 16063. Calculate y(-24).
-679
Let q(t) = t**3 + 47*t - 72. What is q(0)?
-72
Let r(x) = 159*x**3 + 16*x**2 + 41*x + 8. Determine r(-2).
-1282
Let h(a) = -2518*a**2 - 1029858*a + 1627. Determine h(-409).
-9
Let n(w) = -68*w - 877. Give n(-12).
-61
Let i(b) = -9*b**3 + 29*b**2 + 6777*b - 20338. Calculate i(3).
11
Let l(b) = -11522*b**2 + 875674*b - 147. Calculate l(76).
5
Let m(w) = -6*w**2 + 2649*w + 8001. Determine m(-3).
0
Let a(r) = 194027*r + 193975. Determine a(-1).
-52
Let a(y) = -30*y**2 + 16965*y + 8562. Calculate a(566).
72
Let o(m) = -2528*m - 139052. What is o(-55)?
-12
Let j(p) = -68*p + 2028. Calculate j(64).
-2324
Let z(j) = 3*j**2 + 500*j + 2486. Give z(-5).
61
Let v(f) = 135*f**2 - 3632*f - 85. Calculate v(27).
266
Let q(r) = 2121485*r + 8. What is q(0)?
8
Let d(w) = w**3 + 501*w**2 - 95267*w - 7138. Calculate d(-648).
-10
Let x(o) = 255*o - 2030. Give x(8).
10
Let n(r) = -r**3 - 56*r**2 + 2399*r - 1308. What is n(28)?
8
Let n(o) = -3360*o + 157908. Give n(47).
-12
Let h(b) = -6*b**2 + 3554*b - 14233. Determine h(4).
-113
Let a(j) = -2*j**3 - 19*j**2 + 560*j + 9331. Determine a(-16).
3699
Let z(l) = 76*l - 3844. Determine z(51).
32
Let t(f) = -f**3 - 49*f**2 - 430*f + 147. Calculate t(-37).
-371
Let f(i) = 41*i**2 - 446*i + 1119. What is f(7)?
6
Let g(s) = 255243*s + 6636355. Determine g(-26).
37
Let h(n) = -7540*n - 603010. Determine h(-80).
190
Let b(p) = -8430*p - 261330. Determine b(-31).
0
Let g(y) = 40*y**2 + 3924*y + 15710. Determine g(-4).
654
Let d(n) = -5*n**2 + 1341*n - 13536. Determine d(10).
-626
Let c(g) = 4001*g - 19898. Calculate c(5).
107
Let s(t) = 3*t**3 + 16*t**2 + 214*t + 1726. Give s(-7).
-17
Let a(y) = -39*y**2 + 627*y + 101. Determine a(16).
149
Let c(o) = -574*o**3 + 4*o**2 - 67*o + 63. Calculate c(1).
-574
Let a(g) = 28*g**2 - 169*g - 1426. What is a(-6)?
596
Let t(o) = 7*o**2 + 132503*o + 529907. Calculate t(-4).
7
Let g(z) = 13*z**2 - 5711*z - 11414. Calculate g(-2).
60
Let y(s) = 564*s - 2360. Determine y(5).
460
Let d(f) = f**2 - 107*f - 12809. Give d(-73).
331
Let t(k) = 170*k - 8243. Give t(53).
767
Let j(s) = -5*s**2 - 179*s - 896. What is j(-30)?
-26
Let u(c) = -c**3 - 10*c**2 - 2823*c - 5619. Determine u(-2).
-5
Let h(q) = -382*q - 31275. What is h(-82)?
49
Let z(b) = -9696*b + 465385. Give z(48).
-23
Let f(y) = y**3 - 37*y**2 + 14022*y - 581631. What is f(41)?
-5
Let h(d) = -17*d - 65. Calculate h(19).
-388
Let h(b) = 1191*b**2 + 8337*b - 4. Give h(-7).
-4
Let v(o) = -777*o + 4385. Calculate v(7).
-1054
Let v(f) = f**2 + 496*f - 35230. What is v(63)?
-13
Let a(o) = -19036*o - 3274195. Calculate a(-172).
-3
Let i(z) = 462*z**2 + 113*z + 226. Determine i(-2).
1848
Let d(w) = -9723*w + 418081. What is d(43)?
-8
Let n(y) = -28862*y + 663846. Give n(23).
20
Let o(x) = 36*x**3 + 1955*x**2 - 1946*x - 7. Determine o(1).
38
Let h(u) = -u**3 + 67*u**2 - 51*u + 3203. Determine h(67).
-214
Let f(c) = -2*c**3 + 20*c**2 + 1666*c - 18148. What is f(11)?
-64
Let d(g) = 20337*g**2 + 61011*g + 3. Calculate d(-3).
3
Let c(z) = 4*z**3 - 1210*z**2 + 641*z - 11175. Give c(302).
-1
Let p(h) = 390*h - 35132. What is p(90)?
-32
Let x(z) = z**3 - 136*z**2 + 4263*z - 27. Give x(49).
-27
Let b(t) = 421*t**2 + 39576*t + 186. What is b(-94)?
-2
Let i(c) = -2875*c + 66426. Give i(23).
301
Let t(w) = 4*w**3 - 134*w**2 - 5*w + 2461. Calculate t(33).
118
Let d(q) = -7*q**2 - 1585*q - 19191. Give d(-12).
-1179
Let u(p) = p**3 + 330*p**2 + 6772*p - 2380. Calculate u(-308).
-1148
Let n(t) = 168589*t + 505966. Give n(-3).
199
Let n(x) = 1101*x**2 - 26403*x + 61. Give n(24).
565
Let m(v) = 1151*v - 11497. Determine m(10).
13
Let j(b) = -4*b**3 - 962*b**2 + 480*b - 199. Calculate j(-241).
283
Let u(p) = 11*p**2 + 9790*p - 149321. What is u(15)?
4
Let m(n) = 1270*n + 691. Calculate m(-2).
-1849
Let t(g) = -3*g**3 + 558*g**2 - 21*g + 3450. What is t(186)?
-456
Let j(q) = -95599*q + 191445. What is j(2)?
247
Let v(t) = -19069*t + 191349. Determine v(10).
659
Let b(t) = -117*t**2 - 4338*t - 297. Give b(-37).
36
Let q(n) = -7277*n - 38058. Give q(-5).
-1673
Let b(n) = 255*n + 9274. Determine b(-38).
-416
Let i(o) = 189*o**2 + 5283*o - 321. Calculate i(-28).
-69
Let j(v) = v**3 - 306*v**2 + 830*v + 238. What is j(3)?
1
Let w(q) = -10*q**2 - 98*q + 837. Calculate w(6).
-111
Let v(i) = 761817*i + 8379982. Calculate v(-11).
-5
Let l(u) = 8*u**2 + 1092*u + 687. Calculate l(-131).
-5077
Let j(i) = -2*i**2 - 3969*i + 80233. Determine j(20).
53
Let f(c) = -2279*c + 61537. Determine f(27).
4
Let x(b) = -b**2 - 42*b + 4491. Determine x(49).
32
Let l(t) = -8*t**2 + 176070*t + 176068. Determine l(-1).
-10
Let o(i) = 1034*i**2 + 1927*i - 243. Give o(-2).
39
Let h(f) = 8979*f + 17837. What is h(-2)?
-121
Let l(n) = 151*n + 4961. Give l(-33).
-22
Let v(z) = -15*z**3 + 21229*z**2 + 36835*z + 9917. What is v(1417)?
-2
Let o(h) = h**2 + 257*h - 26545. Determine o(-336).
-1
Let i(g) = -1972*g - 838102. What is i(-425)?
-2
Let f(z) = 467428*z - 2804575. What is f(6)?
-7
Let s(m) = -697*m + 28253. What is s(40)?
373
Let v(g) = -2*g**3 + 33*g**2 - 2790*g + 41353. Calculate v(15).
178
Let d(c) = 2*c**3 - 111*c**2 - 178*c - 97. What is d(57)?
-496
Let g(j) = 14*j**2 + 5*j - 35. Calculate g(13).
2396
Let y(n) = 955*n - 17224. Calculate y(18).
-34
Let q(n) = 2*n**3 - 117*n**2 - 597*n + 25016. Determine q(60).
-4
Let x(r) = -r**3 - 191*r**2 - 830*r + 17535. What is x(-186)?
-1065
Let u(t) = 9184*t - 119384. Give u(13)